What is the remainder when 1816318 is divided by 195?
88
What is the remainder when 536468 is divided by 267180?
2108
What is the remainder when 4027701 is divided by 32?
21
What is the remainder when 17385 is divided by 3565?
3125
What is the remainder when 295804 is divided by 15567?
31
What is the remainder when 1163221 is divided by 577?
566
Calculate the remainder when 638333 is divided by 319161.
11
Calculate the remainder when 1105168 is divided by 109.
17
Calculate the remainder when 521434 is divided by 86485.
2524
Calculate the remainder when 913575 is divided by 8.
7
Calculate the remainder when 33281 is divided by 7760.
2241
What is the remainder when 23881487 is divided by 1841?
35
What is the remainder when 546389 is divided by 25980?
809
Calculate the remainder when 37085 is divided by 572.
477
What is the remainder when 451220 is divided by 24?
20
Calculate the remainder when 90335873 is divided by 862.
859
What is the remainder when 3970316 is divided by 1292?
0
Calculate the remainder when 2225642 is divided by 1091.
2
What is the remainder when 90294971 is divided by 154?
151
Calculate the remainder when 1066248 is divided by 329.
288
Calculate the remainder when 617458 is divided by 753.
751
What is the remainder when 8898920 is divided by 8898913?
7
What is the remainder when 2081647 is divided by 489?
463
Calculate the remainder when 62576327 is divided by 20858774.
5
What is the remainder when 23328411 is divided by 799?
8
Calculate the remainder when 1548957 is divided by 70406.
25
Calculate the remainder when 12308097 is divided by 28.
25
Calculate the remainder when 1378580 is divided by 1378515.
65
Calculate the remainder when 23428 is divided by 5210.
2588
What is the remainder when 1365400 is divided by 8984?
8816
Calculate the remainder when 394499 is divided by 33.
17
Calculate the remainder when 4296175 is divided by 607.
436
What is the remainder when 19613 is divided by 192?
29
What is the remainder when 5349727 is divided by 124?
119
Calculate the remainder when 2317823 is divided by 1903.
1872
Calculate the remainder when 7287794 is divided by 1003.
999
What is the remainder when 41412 is divided by 1479?
0
Calculate the remainder when 128614 is divided by 42824.
142
Calculate the remainder when 4281503 is divided by 81.
5
Calculate the remainder when 693575 is divided by 322.
309
Calculate the remainder when 55001045 is divided by 1209.
8
What is the remainder when 433846 is divided by 962?
946
What is the remainder when 35013535 is divided by 137?
34
What is the remainder when 856454 is divided by 6963?
5
What is the remainder when 554492 is divided by 110896?
12
What is the remainder when 438000 is divided by 39?
30
What is the remainder when 293154 is divided by 3503?
2405
Calculate the remainder when 2255344 is divided by 9.
7
What is the remainder when 3083395 is divided by 3115?
2660
What is the remainder when 11413295 is divided by 5474?
5
What is the remainder when 9270203 is divided by 11?
8
Calculate the remainder when 14176986 is divided by 2492.
2490
What is the remainder when 42494978 is divided by 219?
218
What is the remainder when 209989 is divided by 329?
87
Calculate the remainder when 122683 is divided by 8.
3
Calculate the remainder when 56095 is divided by 648.
367
Calculate the remainder when 14702171 is divided by 14702099.
72
Calculate the remainder when 6048184 is divided by 53.
36
What is the remainder when 736794 is divided by 582?
564
Calculate the remainder when 568648 is divided by 2644.
188
What is the remainder when 70223 is divided by 709?
32
What is the remainder when 197221 is divided by 98593?
35
Calculate the remainder when 2786781596 is divided by 20.
16
Calculate the remainder when 101213148 is divided by 5060657.
8
Calculate the remainder when 626854542 is divided by 9.
6
Calculate the remainder when 32827 is divided by 3533.
1030
What is the remainder when 39510 is divided by 1514?
146
What is the remainder when 1406786 is divided by 31972?
18
Calculate the remainder when 26853570 is divided by 95.
15
What is the remainder when 47161554 is divided by 3205?
3184
Calculate the remainder when 19727247 is divided by 19629.
102
What is the remainder when 231906825 is divided by 4318?
4317
Calculate the remainder when 106783 is divided by 8.
7
What is the remainder when 11971775 is divided by 26?
23
What is the remainder when 422242 is divided by 3437?
2928
Calculate the remainder when 93090 is divided by 10062.
2532
Calculate the remainder when 800528 is divided by 4043.
14
What is the remainder when 60921958 is divided by 24?
22
What is the remainder when 733336 is divided by 81263?
1969
Calculate the remainder when 740582 is divided by 834.
824
Calculate the remainder when 8271127 is divided by 1211.
1208
What is the remainder when 286969271 is divided by 20?
11
What is the remainder when 7945025 is divided by 2648326?
47
What is the remainder when 28159 is divided by 13655?
849
Calculate the remainder when 41348408 is divided by 449.
447
What is the remainder when 683459 is divided by 75936?
35
What is the remainder when 319139 is divided by 26573?
263
What is the remainder when 869088 is divided by 14247?
21
What is the remainder when 99906 is divided by 16651?
0
What is the remainder when 97829 is divided by 1038?
257
What is the remainder when 473613 is divided by 118376?
109
What is the remainder when 6062661 is divided by 23?
22
Calculate the remainder when 19868213 is divided by 1168717.
24
Calculate the remainder when 457313 is divided by 84.
17
What is the remainder when 499364 is divided by 166369?
257
Calculate the remainder when 93922734 is divided by 23480680.
14
Calculate the remainder when 343904 is divided by 2540.
1004
Calculate the remainder when 1754293 is divided by 70.
23
Calculate the remainder when 772326 is divided by 385594.
1138
What is the remainder when 2320691 is divided by 4679?
4586
What is the remainder when 102708 is divided by 2285?
2168
Calculate the remainder when 83563395 is divided by 3055.
3035
Calculate the remainder when 8300839 is divided by 922305.
94
What is the remainder when 10069509 is divided by 88?
21
What is the remainder when 25364602 is divided by 1460?
22
Calculate the remainder when 3370433 is divided by 146540.
13
Calculate the remainder when 1541735 is divided by 675.
35
What is the remainder when 263409 is divided by 1371?
177
What is the remainder when 4092623 is divided by 73?
24
Calculate the remainder when 14938884 is divided by 34.
32
What is the remainder when 12416454 is divided by 456?
30
What is the remainder when 443240 is divided by 145?
120
Calculate the remainder when 213660 is divided by 157.
140
Calculate the remainder when 676745 is divided by 554.
311
Calculate the remainder when 12498442 is divided by 321.
307
Calculate the remainder when 533847 is divided by 14426.
85
Calculate the remainder when 135670171 is divided by 22.
21
What is the remainder when 3331885 is divided by 7259?
4
What is the remainder when 1018965 is divided by 996?
57
What is the remainder when 7677627 is divided by 959703?
3
Calculate the remainder when 39849 is divided by 1960.
649
What is the remainder when 58134 is divided by 674?
170
What is the remainder when 1348214 is divided by 2171?
23
Calculate the remainder when 4828278 is divided by 209925.
3
What is the remainder when 191522 is divided by 17383?
309
Calculate the remainder when 21493064 is divided by 49.
47
What is the remainder when 3885269 is divided by 556?
497
What is the remainder when 1596705 is divided by 3981?
324
Calculate the remainder when 69574046 is divided by 40.
6
Calculate the remainder when 291646 is divided by 43.
20
What is the remainder when 3343416 is divided by 26?
24
Calculate the remainder when 1260754 is divided by 1158.
850
Calculate the remainder when 462523 is divided by 2984.
3
Calculate the remainder when 50786 is divided by 7.
1
What is the remainder when 54018 is divided by 643?
6
What is the remainder when 432500 is divided by 594?
68
Calculate the remainder when 61258 is divided by 519.
16
Calculate the remainder when 633843 is divided by 2822.
1715
Calculate the remainder when 30562511 is divided by 51.
47
Calculate the r